)/((-4)/(-14)). Suppose 2*g - 6*g = -8. Suppose o - 18 = -3*o - 2*t, g*o = 2*t - 6. Calculate the highest common factor of o and z.
1
Let m = -69 + 75. Let l = 6 + -8. Let i be -20*(3/l - 0). Calculate the highest common factor of m and i.
6
Let q(j) = j**3 + 11*j**2 + 21*j. Let s be q(-8). Calculate the highest common divisor of s and 222.
6
Let w(d) = 63*d**2 - 13*d + 24. Let l be w(6). Calculate the greatest common factor of 54 and l.
54
Let i be (-1)/1*(9 + -9). Suppose -3*o + i*o = s - 11, -4*o - 2*s + 18 = 0. What is the greatest common divisor of 16 and o?
2
Let k be -1 - (-5)/(15/21). Let y be (-2)/k + ((-5474)/(-6))/7. What is the highest common divisor of y and 10?
10
Suppose 4 = 3*h - 5. Suppose 7*y - h*y = 0. Suppose -c - 562 = -5*w - y*w, -c + 222 = 2*w. What is the greatest common divisor of w and 16?
16
Let h(b) = -2*b**2 - 13*b + 2. Let w be h(-6). Let p be 388/12 + (-1)/3. What is the greatest common divisor of w and p?
8
Suppose 15*n = -9*n + 96. What is the greatest common divisor of n and 13?
1
Suppose -3 = -3*q, 0*q + q + 34 = 5*z. Let y(p) = 2*p - 8. Let k be y(z). Let c be 639/15 + -1 + 6/15. Calculate the greatest common divisor of k and c.
6
Suppose 0 = 4*y - 0*y. Suppose z = -y*z. Suppose z*d = -4*d + 4. What is the greatest common factor of 9 and d?
1
Suppose -3*i = 33 - 1053. Calculate the greatest common factor of 5 and i.
5
Let x(j) = 18*j - 34. Let s be x(5). What is the highest common divisor of s and 72?
8
Let o = 1 - -2. Let u(d) = -2*d**3 + 2*d**2 - 10*d - 20. Let c be u(-2). Calculate the greatest common divisor of c and o.
3
Suppose 0 = 5*h - 2*h - 111. Let x = h + -28. Let p be (2 + -3)*(x - 15). What is the greatest common factor of p and 6?
6
Let i = -2 - -7. Suppose -2*q = -r - 8, -r + 4*r - 11 = -q. Suppose q*m = i*b + 75, -2*m + 4*b - b = -33. Calculate the highest common factor of m and 18.
6
Let s(r) = -3*r - 15. Let p = 30 + -44. Let i be s(p). Calculate the greatest common divisor of 3 and i.
3
Suppose 4*u + 2*u = 18. Suppose 5 = 5*i - 7*m + 2*m, -u*i + m = -7. Let g be -21*((-3 - -2) + 0). Calculate the greatest common divisor of i and g.
3
Suppose 179 = 2*w - 37. Calculate the highest common divisor of w and 54.
54
Let j = -3 + 6. Suppose -7*s = -j*s - 36. Calculate the greatest common divisor of s and 3.
3
Let w = 62 - 53. What is the highest common factor of w and 369?
9
Let l = -272 + 277. Calculate the greatest common factor of 1 and l.
1
Let k(g) be the third derivative of g**4/24 + 7*g**3/6 + 3*g**2. Let m be k(-3). Suppose -2 = -m*n + 2. Calculate the highest common divisor of 5 and n.
1
Suppose -5*p + 4*x = -55, 3*p - 56 + 40 = -x. What is the highest common factor of p and 497?
7
Let l be (-3990)/(-18) + (-40)/15 + 3. Calculate the greatest common divisor of l and 370.
74
Let l(n) = 465*n - 10. Let t be l(2). Calculate the greatest common divisor of t and 40.
40
Let o(x) = x**3 - 14*x**2 - 2*x + 12. Let l be o(14). Let d be (-2)/((3 - 2)/l). Calculate the highest common factor of 80 and d.
16
Suppose 2*d = -1 - 7. Let g be d/6 + 132/36. Suppose -g*x + 5*q = -170, -7*x + 4*q = -3*x - 216. What is the greatest common divisor of 25 and x?
25
Let w be (-13)/((27/3)/(-720)). What is the highest common divisor of 65 and w?
65
Let r(p) = 8*p + 7 + 41*p**2 - 11*p - 5. Let z be r(1). What is the highest common divisor of 20 and z?
20
Let j be 4/2*7/(112/72). What is the highest common factor of 747 and j?
9
Suppose -3*w + 5*w = 112. Suppose -7*o = 1 - 36. Suppose -4*z + 48 = -2*j - 2*j, -o*z = 2*j - 74. Calculate the highest common divisor of w and z.
14
Let t = -43 + 42. Let m be 227/6 + t/(-6). What is the greatest common factor of m and 76?
38
Suppose 12*w - 2979 - 681 = 0. What is the highest common divisor of w and 61?
61
Let i = -45 - -51. Suppose -4*d + 2*f = -i, d - 2*f = -3*f. Calculate the greatest common factor of d and 4.
1
Let w(p) = -p**2 - 5*p - 1. Let i(m) = -m**2 - 11*m - 5. Let v be i(-11). Let u be w(v). Let c = 1 - u. Calculate the highest common factor of c and 2.
2
Suppose -y - y = -42. Let k be (-976)/(-366) + (3 - 24/9). Calculate the greatest common factor of y and k.
3
Let r(s) be the second derivative of -s**3/6 + 5*s**2 + 7*s. Let a be r(7). Suppose -q + a*q = 88. Calculate the greatest common divisor of 66 and q.
22
Suppose 39*h - 1082 = -2*q + 37*h, 2717 = 5*q + 2*h. Calculate the highest common divisor of q and 872.
109
Let r(u) = -u**3 + 7*u**2 + 7*u + 5. Suppose -32 = -4*v - 0*v. Let w be r(v). Let d be w*1 + (5 - -6). Calculate the highest common factor of d and 16.
8
Let k(d) = 37*d - 418. Let l be k(25). What is the greatest common factor of l and 3?
3
Let i(t) = 37*t + 151. Let s be i(-3). Let x(o) = 17*o - 2. Let d be x(6). What is the highest common factor of d and s?
20
Let o be (34 - 5) + -4 - 3. Calculate the greatest common factor of 99 and o.
11
Let t(p) = p**2 - 18*p + 20. Let z be t(20). Calculate the greatest common factor of z and 480.
60
Let g(c) = -c**2 - 9*c - 6. Let z be g(-6). Suppose z = p - 6. Suppose 2*m = -3*b + 33, 3*m - 18 = 2*b - 3*b. What is the greatest common factor of b and p?
9
Let x(i) = -8*i**2 + i. Let m be x(1). Let t be -3 + 2 - (1 + m). Suppose -t*j - 125 = -805. Calculate the highest common divisor of 17 and j.
17
Let n(b) = -2*b**2 - 3*b + 37. Let c be n(-5). Suppose -c*o + 3*p + 22 = 0, -p + 32 = 2*o + p. What is the greatest common divisor of o and 84?
14
Suppose -u = -2*z - 742, -413 = -u + 5*z + 335. Calculate the highest common divisor of u and 18.
18
Let x be ((-96)/20)/(5/(-100)). Let h = -91 + x. What is the highest common factor of h and 40?
5
Let w be (12 - (-350)/(-28))*-2*27. Suppose 2*t - 27 = -2*v + 25, 140 = 5*v - 5*t. What is the highest common divisor of v and w?
27
Suppose -a - 14 = 2*z, 2*z - 3 = a + 7. Let p(v) = v**2 + 4*v + 15. Let g be p(a). Let n = -23 + g. What is the highest common factor of 8 and n?
8
Let t be (0 - -4)*394/8 + -2. Calculate the greatest common divisor of t and 90.
15
Suppose 152 = 8*s + 32. What is the greatest common factor of s and 60?
15
Let b(f) = -f - 9. Let v be b(-8). Let m = 4 - v. Suppose m*h = p - 30, -130 + 3 = -5*p + 2*h. Calculate the greatest common factor of p and 275.
25
Suppose 17 = 2*u - 5*o, 5*o - 23 = -28. What is the greatest common factor of 12 and u?
6
Suppose -480 = -12*r + 7*r. Suppose -r*a = -91*a - 40. Let q be -6*(-1 + -1) - 0. What is the highest common divisor of q and a?
4
Suppose 4*m - 2*h = 12, 4*m - 10 = 3*h + 4. Suppose -m*y + 4*y - 160 = 0. Calculate the highest common divisor of 8 and y.
8
Let i = -2 + -1. Let a(q) = -5*q**3 - 2*q**2 - 2*q + 9. Let x be a(i). Let d be 4/(-6) - 38/(-3). What is the greatest common factor of x and d?
12
Suppose 11*c = 9118 + 243. What is the highest common divisor of c and 69?
23
Suppose 2*h - 69 = 3. Suppose -676*s - 54 = -682*s. What is the greatest common factor of s and h?
9
Let n(a) = -a + 81. Let l be n(-15). What is the highest common divisor of 720 and l?
48
Let v(j) be the first derivative of 3*j**4 - j**3/3 - j**2/2 + j + 11. Let z be v(1). Calculate the highest common factor of 55 and z.
11
Suppose 20 = 4*v - 28. What is the greatest common divisor of v and 972?
12
Let r(a) be the first derivative of -a**2 + 10*a - 7. Let j be r(-9). Calculate the highest common divisor of j and 196.
28
Let z be 705/(-141)*26/(-5). Suppose -140 = -5*b + 3*j, 0*j = -5*b + j + 130. Suppose 14 = 3*i - b. Calculate the highest common divisor of z and i.
13
Let c = -35 - -48. Suppose 7 + c = -4*o, 0 = 5*s + 5*o + 15. Suppose 2 = -s*h, -5*w - h + 121 + 508 = 0. Calculate the greatest common divisor of w and 42.
42
Let n(h) = -h**2 + 15*h - 41. Let r be n(9). What is the greatest common factor of r and 299?
13
Suppose -f - 7768 = -5*a, 7*a - f = 12*a - 7772. What is the greatest common factor of 74 and a?
74
Suppose 2*q - c = 23, -c = 2*q - 3*c - 26. Let w be (1 - 0)/(1/q). Let j = -3187 - -3197. Calculate the highest common factor of w and j.
10
Suppose 2*x + 0*x = 4. Let p = -307 + 321. What is the highest common factor of p and x?
2
Suppose 0 = -6*o + 4*o + 12. Let i(s) = 3*s + 5. Let p be i(o). Suppose -4*c = -97 - p. What is the greatest common divisor of c and 10?
10
Suppose -60 = -108*u + 105*u. Let f = 17 - 7. Ca